 46 = 2*v, l*v - 42 = -2*g. Suppose 3*c + g = 114. What is the remainder when c is divided by 11?
8
Suppose 3*u = 2*u + 6. Let g(c) = -c**2 + 14*c - 1. Calculate the remainder when g(u) is divided by 16.
15
Suppose -4*h = h + 2*u - 21, -8 = -2*h - u. Suppose h*s - 75 = -20. Calculate the remainder when 21 is divided by s.
10
Suppose 2*t = 6 + 50. What is the remainder when t is divided by (-24)/(-9)*45/12?
8
Let m(q) = 3*q**3 - 40*q**2 + 15*q - 17. Calculate the remainder when 61 is divided by m(13).
7
Let u(v) = -v**3 + 13*v**2 - 11*v - 3. Let d be u(12). Suppose 0*c = c - d. Calculate the remainder when 24 is divided by c.
6
Suppose 2*i + m - 53 = -i, -5*i + 83 = -m. Let u = -3 + 5. Suppose -4 = u*n - 102. What is the remainder when n is divided by i?
15
Suppose -2*r + 15 = l, 5*l = -4*r - 8 + 35. What is the remainder when r is divided by 2?
0
Let t(w) = -w - 1. Let n(o) = -8*o - 1. Let y(p) = -n(p) + 3*t(p). Let r = 8 + -5. Calculate the remainder when y(2) is divided by r.
2
Let b(k) = -13*k**3 + k**2. Suppose 3*l + 8 = 3*v + 2*l, -2*v = -5*l - 1. Let n = 11 - v. Calculate the remainder when b(-1) is divided by n.
6
Let l(r) be the second derivative of 2*r**3/3 + 3*r**2 - 4*r. What is the remainder when l(4) is divided by 6?
4
Let y = -11 + 12. Suppose 4*h - 4*d + y - 49 = 0, h - 9 = 2*d. Let t(j) = -7*j. Calculate the remainder when t(-4) is divided by h.
13
Let d be (-30)/20*16/(-6). Suppose 4*a - 28 = 2*j - d*j, -14 = -3*a + 2*j. Calculate the remainder when 11 is divided by a.
5
Suppose -5*t + 100 = -135. What is the remainder when t is divided by 12?
11
Let z = 0 - -83. What is the remainder when z is divided by 21?
20
Let b be 91/7*-1*1. Let h = -8 - b. Calculate the remainder when 8 is divided by h.
3
Let m = -49 - -34. Suppose 0 = 4*p + 2*c - 20, 2*p + 3*c = c + 8. What is the remainder when ((-80)/m)/((-1)/(-3)) is divided by p?
4
Suppose t - 5*k - 3 + 20 = 0, -k + 45 = 5*t. What is the remainder when (-3 - 4)/((-4)/12) is divided by t?
5
Suppose 0 = 4*z - 0*z. Let r(v) = z*v - 1 + v - 1. Calculate the remainder when 16 is divided by r(8).
4
Let i(w) = -w**3 + 10*w**2 + 16*w - 9. Let s be i(11). Let q be (6/(-3))/(-2) + s. Suppose -4*n = 11 - q. Calculate the remainder when 17 is divided by n.
8
Let g = 21 + -21. Suppose b + g - 23 = 0. What is the remainder when b is divided by 6?
5
Suppose -3*a = -5*l + 7*l - 807, 0 = 3*a - 2*l - 795. What is the remainder when a is divided by 54?
51
Suppose 0 = -25*r + 20*r + 640. What is the remainder when r is divided by 22?
18
Suppose -3*w - 4*s + 27 = 0, -s - 12 = -3*w - 0*w. Let f = -1 + w. Calculate the remainder when 14 is divided by f.
2
Let l(k) = -10*k + 1. Let h be (8/(-10))/((-2)/(-10)). What is the remainder when l(h) is divided by (-143)/(-10) + -12*(-14)/(-560)?
13
Let k = -34 + 38. What is the remainder when 6 is divided by k?
2
Let h = -20 - -40. Suppose -2*f - h + 58 = 0. What is the remainder when 36 is divided by f?
17
Let q(d) = d**2 - 13*d + 22. Calculate the remainder when 32 is divided by q(12).
2
Suppose b + b + 4*q = 220, -3*b + 4*q + 360 = 0. Calculate the remainder when b is divided by 39.
38
Let w be 3 - (-3 + -21)/(-3). What is the remainder when 27 is divided by w/(-2)*112/40?
6
Suppose -4*c + c = -39. Suppose -5 = -2*l + c. Suppose -5*y = 3*q - 71, -1 + 94 = 5*q + 2*y. What is the remainder when q is divided by l?
8
Let j = -61 + 88. Let n(y) = -18*y - 3. Calculate the remainder when n(-3) is divided by j.
24
Let m be 6/15 - (-13)/5. Suppose -2*b + 55 = m. What is the remainder when 50 is divided by b?
24
Let k = -5 - -4. What is the remainder when (18/(-6))/(k/6) is divided by 10?
8
Let j(v) = v**2 - 7*v + 22. What is the remainder when j(13) is divided by 35?
30
Let g(n) = -n. What is the remainder when 46 is divided by g(-12)?
10
Let b = 19 + 10. What is the remainder when b is divided by 5?
4
Calculate the remainder when (0 + -3)/((36/(-147))/4) is divided by 15.
4
Suppose 0 = -4*n + 35 + 17. Suppose 0 = 12*k - 9*k - 153. Calculate the remainder when k is divided by n.
12
Calculate the remainder when 202 is divided by -1 - -32 - (-13 - -10).
32
Suppose -4*i - 42 = 6. Let j = -1 - i. What is the remainder when j is divided by 3?
2
Suppose 3*z = 4*z - 3. Suppose -z = 5*x - 153. What is the remainder when x*((-2)/3 + 2) is divided by 14?
12
Suppose -4*q = 4*d - 1 - 19, -4*q = 3*d - 25. Let p(j) = -j**3 - j**2 + 6. Let x = -1 + 1. Calculate the remainder when q is divided by p(x).
4
Let u = -2 + -1. Let l = u - -5. Suppose 5*j - 46 = -3*f, 43 = 4*f + l*j + j. Calculate the remainder when 13 is divided by f.
6
Suppose -a = 2*a - 60. Let o(w) = w**2 - w + 2. Let d be o(3). Let x = d - -3. Calculate the remainder when a is divided by x.
9
Let t = 19 + -27. Calculate the remainder when (-30)/(-40) + (-722)/t is divided by 23.
22
Let v be 4/(-10) + 14/10. Suppose 16 = 5*a - 3*u, v = a + 2*u + 3. Suppose a*k = 37 - 11. Calculate the remainder when k is divided by 5.
3
Let s = -61 - -102. Suppose 24*x - 20*x = 76. Let h = s - x. What is the remainder when 42 is divided by h?
20
Let n(w) = 3*w + 3. Let z be n(-1). Suppose -5*s = -5*l - z*s + 155, 0 = -4*l + 2*s + 120. What is the remainder when l is divided by 16?
13
What is the remainder when 36 is divided by ((-17)/(-34))/(1/26)?
10
Let d = 0 - -4. Suppose 4*o = -0*o + 2*g + 70, -d*o + 4*g = -68. Let k = 102 - 67. Calculate the remainder when k is divided by o.
17
Let w be 1/(4/(-3) - -1). Let r(z) = 6*z**2 + 3*z + 1. Suppose -2*k = -4*y + 72, 0*y + 100 = 5*y - 5*k. Calculate the remainder when r(w) is divided by y.
14
Suppose -141 = -5*l + 4*x, -5*l - x + 143 = -3*x. What is the remainder when 2/(-4) - 681/(-6) is divided by l?
26
Let y(h) = h**2 + 6*h + 2. Let k be y(-6). Suppose -3*n = m + k*n - 27, -21 = -3*m - 3*n. What is the remainder when (2/3)/(4/18) is divided by m?
1
Let l(g) = -3 + 14*g**2 + 6*g**2 + 2. Suppose 7*i - 2*i + 5 = 0. What is the remainder when l(i) is divided by 10?
9
Let m = 70 + -32. Suppose -2*r + 7*r = 50. What is the remainder when m is divided by r?
8
Suppose 0 = -p - 3*p + 48. Suppose 6*q - 26 = 178. What is the remainder when q is divided by p?
10
Let d = 40 - 19. Calculate the remainder when 59 is divided by d.
17
Let w = -1 - -16. Calculate the remainder when 71 is divided by w.
11
Suppose 4*x - d - 68 = -0*x, 4*x - 56 = 4*d. Calculate the remainder when 6/(-8)*(2 - 94) is divided by x.
15
Let j = -2 + 5. Suppose 90 = j*b + 2*b. Let w = 19 + -9. Calculate the remainder when b is divided by w.
8
Let h = -3 - -10. Suppose 44 = 4*x - 4*s, -h - 10 = -2*x + s. Calculate the remainder when 16 is divided by x.
4
Let c(k) be the third derivative of -k**6/120 - k**4/24 + 55*k**3/6 - 6*k**2. What is the remainder when c(0) is divided by 14?
13
Suppose 5 = 5*f - 5. Let d(x) = x**3 - 2*x**2 + 1. Let k be d(2). Calculate the remainder when (-1)/2*(-5 + k) is divided by f.
0
Let c = 95 + -61. What is the remainder when c is divided by 7?
6
Suppose 4 = 4*f - 2*f. Calculate the remainder when (6 + -2)*(-6)/(-4) is divided by f.
0
Let p(c) = c**2 - 4*c - 7. Let r = 39 - 21. Suppose -3*a + 0*a + r = 0. What is the remainder when p(a) is divided by 3?
2
Let y be 4/(-6)*18/(-4). Suppose 6*w = w - 4*x + 126, -x = -y*w + 79. Suppose 4*n - o = 23, -6*o = -5*n - 2*o + w. What is the remainder when n is divided by 4?
2
What is the remainder when 0/(-3) + 84 + -1 + 1 is divided by 22?
18
Suppose -5*w - 10 = 0, w = 3*t - 3 - 2. What is the remainder when 1 is divided by t?
0
Suppose 2*t + 3*n = 25, 4*t + 4*n = n + 59. Suppose v = -5*l + 54, l = 3*v - 3 + t. What is the remainder when 30 is divided by l?
8
Let y be (1*-8)/(-2) - 0. What is the remainder when 26/(y + (-3)/1) is divided by 7?
5
Let o(z) = -z**2 - 16*z - 12. Calculate the remainder when o(-14) is divided by 5 + 0 + 2/2.
4
Suppose -3*j + 0 + 12 = 0, j + 8 = 3*m. Suppose m*x - 16 = -0*x. Suppose 0 = -8*b + x*b + 32. Calculate the remainder when 15 is divided by b.
7
Let p be (-3 + 4)/(1/(-6)). What is the remainder when (-3)/(p*3/132) is divided by 12?
10
Let b(l) = -l**3 + 4*l**2 - l - 3. Let z be b(3). Suppose -7 - 8 = -c. Calculate the remainder when 45 + 2/z*-3 is divided by c.
13
Suppose -4*c = -0*q - 3*q + 90, -2*q = -2*c - 60. Let x = 58